. What is the tens digit of n?
6
Let y be (776/(-12))/((-6)/9). Suppose g - y = 3*z + 3*g, 120 = -4*z + 2*g. Let c = 56 + z. What is the units digit of c?
5
Let x be (2/6)/((-1)/3). Let u = 2 - x. Suppose u*d + d - 4 = 0. What is the units digit of d?
1
Suppose 0 = 67*a - 62*a - 25. Suppose -5*g - 40 = -2*s, -3 + 9 = 3*g. Suppose -a*n + 0*n + s = 0. What is the units digit of n?
5
Suppose 4 + 10 = s. What is the units digit of 16/6*21/s?
4
Suppose 27 = 10*i + 7. Suppose 4*w - u - 273 = -i*u, -4*w + 276 = 4*u. What is the tens digit of w?
6
What is the units digit of (333/222)/(3/2114)?
7
Let y = 1305 + -500. What is the tens digit of y?
0
Let b(z) = -z**2 - 35*z - 105. What is the hundreds digit of b(-15)?
1
Let z(p) = -p**2 + 40*p - 60. What is the hundreds digit of z(27)?
2
Suppose -5*z + 73 = -67. Suppose -270 = -5*j + 60. Let x = j - z. What is the tens digit of x?
3
Let v(f) = f + 60. Let r be (-2)/((4/63)/(6/9)). What is the tens digit of v(r)?
3
Let n = 940 + 594. What is the hundreds digit of n?
5
Suppose -3*f = 3, -32 = 3*m + 5*f + 48. Let v = -25 - m. Suppose 2*a + v*z - 2*z = 94, z - 4 = 0. What is the tens digit of a?
5
Suppose 2*i - 3*h = -0*h + 21, 3*h = -2*i - 9. Suppose i*r - 2 - 10 = 0. What is the units digit of r/(-3 - 76/(-24))?
4
Let t(n) = -6*n**2. Let b be t(-2). What is the tens digit of 36 + b - (1 + -4)?
1
Let d = 11689 + -7651. What is the units digit of d?
8
Let t = 20 + -25. What is the tens digit of 280/25*t/(-2)?
2
Suppose -8 = b - 10. What is the tens digit of (46/4 + b)/((-13)/(-52))?
5
Let r be (-34)/3*(-6)/4. Suppose -4*f + z + 101 = 0, r = 3*f - z - 59. What is the units digit of f?
5
What is the tens digit of (-10 - -7) + 0 - (-535 - 1)?
3
Let h = -91 - -96. Suppose -h*l + 335 + 775 = 0. What is the tens digit of l?
2
Let m = 13 + -12. Let b(c) = 28*c**2 - 3*c + 1. Let r be b(m). What is the tens digit of (-26)/(-3)*39/r?
1
Let a = -154 - -608. What is the units digit of a?
4
Let a = -472 - -763. What is the units digit of a?
1
What is the hundreds digit of 108050/125 - 9/(-15)?
8
Suppose 3*w - 243 = 2*w. Suppose -j + 104 = -w. Suppose -j + 112 = -5*y. What is the tens digit of y?
4
Suppose -29*k - 13 = -28*k - 4*x, -4*k + 4 = -2*x. What is the units digit of k?
3
What is the thousands digit of 375360/264 - 2/(-11)?
1
Let u = -247 + 467. What is the tens digit of u?
2
Let a = -150 + 1494. What is the units digit of a?
4
Let o(a) = 2398*a + 137. What is the thousands digit of o(1)?
2
Let x = -262 + 1834. What is the hundreds digit of x?
5
Let d = 58 - 52. Suppose 3*l + 2*a - 631 = d*a, 0 = -5*l + a + 1080. What is the tens digit of l?
1
Suppose -30*g = -15151 - 6239. What is the hundreds digit of g?
7
Suppose -3*s - 11 = -17. Suppose -s*n - 350 = k + 3*k, -n + 335 = -4*k. Let t = -47 - k. What is the units digit of t?
8
Suppose 4*s - 4*o + 4 = 0, 5*s = 2*o - 3*o - 17. Let j(h) = -25*h - 9. What is the tens digit of j(s)?
6
Let a be 2/7 - 17525/(-35). Suppose -3*d = 2*q - a, 486 = -2*d + 5*d - 3*q. What is the units digit of d?
5
Let f = 65 + 1043. What is the tens digit of f?
0
Let a(f) = 291*f**2 - 18*f + 70. What is the units digit of a(3)?
5
Let k(t) = -t**3 + 5*t**2 + 6*t + 4. Let s be k(6). Suppose -2*h - 12 = -3*o, -2*o - 2 = 3*o + s*h. What is the units digit of (0 + o)*38/4?
9
Suppose -5*o = -2*o - 5*n - 12919, 5*o - 5*n = 21525. What is the hundreds digit of o?
3
What is the thousands digit of -16*(-5)/30*(-25470)/(-24)?
2
Let n = -162 + 159. What is the tens digit of (-80)/(-3) - n*1/9?
2
Suppose 41*m - 25286 = 30146. What is the tens digit of m?
5
Suppose 3*u + 2105 = 2*m - 7*m, -5*m = -5*u - 3455. Let p = -372 - u. What is the hundreds digit of p?
3
Suppose -460 = -4*f + 3*u, -5*u + 484 = 4*f + 24. Let b = f - 22. Let i = b - 21. What is the tens digit of i?
7
Suppose 8*j = 5*j + 243. Suppose -4*k - 13 = -j. What is the units digit of k?
7
Let y = -572 - -1918. What is the thousands digit of y?
1
Suppose -b - 4*w = -59, 0 = 2*b - 3*b + 4*w + 83. Suppose -h - 21 + b = 0. Suppose -h = 2*a - 3*a. What is the tens digit of a?
5
Let u(s) = -s + 7. Let q be u(-11). Let k be -3 + 6*q/4. What is the tens digit of (k - (0 - 0)) + 4?
2
Suppose 14*j - 224 = 10*j. Suppose -122 = -x + 3*r, -3*x + 408 - j = 5*r. What is the hundreds digit of x?
1
Let k = 114 + -107. Let s(h) = 2*h**2 + 13*h - 21. What is the tens digit of s(k)?
6
Let y = 0 - 10. Let w be (-1)/1 + (y - -13). What is the units digit of 17 - (-1 + 1 + w)?
5
Let b = 16 + -9. Let y = 9 - b. Suppose -4*u - 66 = -3*j, j - 57 = -y*j + u. What is the units digit of j?
8
Let l be (-5)/25 - 661/(-5). Let v = -19 + l. What is the tens digit of v?
1
Let h be (126/28)/(3/4). Let k = 4 + h. What is the units digit of k?
0
Suppose -20*x + 14*x = -2880. What is the units digit of x?
0
What is the hundreds digit of 4082/5 + (-248)/(-155)?
8
Suppose 14 = 2*k - 5*r, -5*k = -r - 7 - 5. What is the units digit of (k - 3)/((-6)/36)?
6
Let j(a) be the first derivative of 2*a**3/3 + a**2 + 3*a + 125. Suppose d = -3*d + 16. What is the tens digit of j(d)?
4
Let c(f) = 661*f**2 - 3*f + 2. What is the hundreds digit of c(1)?
6
Suppose 6*d - 15*d + 5481 = 0. Let x = d + -434. What is the units digit of x?
5
Suppose 2*x - 4*l + 20 = 0, -x - 2 + 12 = 3*l. Let m(q) = -40*q - 9. What is the tens digit of m(x)?
7
Let m = 38 - 41. What is the units digit of 18 + -1*(0 - m)?
5
Let r = 1021 + 25. What is the thousands digit of r?
1
Let y(i) = 10*i**3 + i**2 - 2*i - 3. Let k be y(-2). Let v = 21 + k. Let j = v - -126. What is the tens digit of j?
7
Let z be 9/((-108)/(-56))*3. Suppose -16 + z = -l. Suppose -3*f - l*f + 185 = -5*n, -4*f + 121 = 5*n. What is the tens digit of f?
3
Suppose 125*u - 118*u - 7413 = 0. What is the units digit of u?
9
Let c = 1120 - -1565. What is the tens digit of c?
8
Suppose 11197 = 2*k + 3*h, -3*k = -h - 14382 - 2386. What is the thousands digit of k?
5
Let y(o) = o**3 + 8*o**2 - 9*o - 10. Let b be y(-9). Let f be ((-78)/4)/(1/2). Let v = b - f. What is the tens digit of v?
2
Let w = 16 + 11. Suppose 2*k + 3*g - w = 0, -2*g - 10 + 0 = -k. What is the units digit of k?
2
Let f = -24 + 26. What is the tens digit of 53 + (-15)/(-5) - (-2)/f?
5
Let v(b) = 15*b**2 + 16*b - 2. Let d(t) = 5*t**2 + 5*t - 1. Let o(a) = 7*d(a) - 2*v(a). Let f be (4 - 8/(-4))/2. What is the tens digit of o(f)?
5
Let w(v) = v**3 + 5*v**2 - 5*v + 9. Let g be w(-6). What is the tens digit of 4*-38*(-2)/(6/g)?
5
Let w(a) = 13*a**3 - 4*a**2 - 2*a + 24. What is the tens digit of w(4)?
8
Let x be 1/(-1*1/(-2)). Suppose -28 = -3*w + 4*m, -4*w + w + 20 = -x*m. Suppose 52 = 2*d + w*y, 0*y + 90 = 4*d + y. What is the units digit of d?
2
What is the thousands digit of (-685)/(36/(-8) + (-7 - -11))?
1
Let t(k) = 47*k - 72. What is the tens digit of t(11)?
4
Suppose t + t - 4 = 0. Suppose 5*i - 3*k + 93 = 8*i, -5*k = -4*i + 79. Suppose 0*g - 4*s = -2*g + i, 53 = t*g + 5*s. What is the units digit of g?
9
Let w be 11/6 - (-4)/24. What is the units digit of 3/((-9)/(-12)) - w*-95?
4
Suppose 19*l - 22*l = -12. Suppose 3*j = 5*k + j - 180, k = -l*j + 58. Let o = k - 13. What is the tens digit of o?
2
Let r(g) = 3*g. Let v be r(-5). Let z be (v/6)/(2/(-4)). Suppose 0 = -z*c + y + 12, 2 = -4*c - y - 4*y. What is the units digit of c?
2
What is the units digit of (0 + -12652)/(-4) + (-15 - -18)?
6
What is the tens digit of 0 + (1439 - (-1 + -7))?
4
Let g = -731 + 1262. What is the units digit of g?
1
Let t = 3 - 3. Suppose 3*g - 339 = -t*g. What is the units digit of g?
3
Suppose -10*b + 64 = -6. Suppose 0 = -b*i + 479 + 830. What is the units digit of i?
7
Suppose -2*j + 6*j = 1472. What is the tens digit of j?
6
Let c be 812 + -9 - 6/2. What is the hundreds digit of (-4 - (-78)/21) + c/7?
1
Suppose -534 = -18*m + 690. What is the tens digit of m?
6
What is the units digit of (-4)/((-1)/(-33)*72/(-336))?
6
Suppose 136884 - 38388 = 57*q. What is the units digit of q?
8
Suppose -45 = -2*i - 5*l, -31 - 9 = -2*i - 4*l. Let j = i - 10. Suppose j = 5*p - p - 104. What is the units digit of p?
6
Let h = 1373 - 946. What is the tens digit of h?
2
Suppose 2*f - 198 = -2*w + 4*f, -8 = 2*f. What is the tens digit of w?
9
Let y be (-3 - -15*(-3)/(-6))*2. What is the units digit of y/(-6)*106/(-3)?
3
Suppo